{"id":337,"date":"2018-09-08T14:51:54","date_gmt":"2018-09-08T14:51:54","guid":{"rendered":"http:\/\/almarosario.org.ar\/alma\/?page_id=337"},"modified":"2020-01-29T19:25:23","modified_gmt":"2020-01-29T19:25:23","slug":"ayudar-a-alma","status":"publish","type":"page","link":"https:\/\/almarosario.org.ar\/alma\/ayudar-a-alma\/","title":{"rendered":"Ayudar a ALMA"},"content":{"rendered":"<h3><b>\u00bfC\u00f3mo puedo ayudar a ALMA?<\/b><\/h3>\n<p>De muchas maneras. Tu apoyo es fundamental para impulsar nuestras acciones sobre el <strong>Alzheimer<\/strong>.\u00a0Desde apoyar o difundir nuestras actividades en las redes, hasta hacerte voluntario o socio de ALMA Rosario.<\/p>\n<p>Te ofrecemos diferentes formas de participaci\u00f3n y todas son importantes:<\/p>\n<p><strong>Convertite en socio\/a<\/strong>: Nos financiamos gracias a las aportaciones de nuestros socios y socias, que son por tanto imprescindibles para poder seguir generando actividades y seguir ayudando a m\u00e1s gente. Hacete socio haciendo click <a href=\"http:\/\/almarosario.org.ar\/alma\/donar\/\">ac\u00e1.<\/a><\/p>\n<p><strong>Sumate al voluntariado<\/strong>: Son las ALMAS que nos permiten seguir adelante. El \u00fanico requisito es voluntad, decisi\u00f3n y amor. Si quer\u00e9s formar parte de nuestro equipo no dudes en <a href=\"http:\/\/wa.link\/hERx\">contactarnos<\/a>.<\/p>\n\n\n<p><\/p>\n","protected":false},"excerpt":{"rendered":"<p>\u00bfC\u00f3mo puedo ayudar a ALMA? De muchas maneras. Tu apoyo es fundamental para impulsar nuestras acciones sobre el Alzheimer.\u00a0Desde apoyar o difundir nuestras actividades en las redes, hasta hacerte voluntario &#8230;<\/p>\n","protected":false},"author":4,"featured_media":0,"parent":0,"menu_order":0,"comment_status":"closed","ping_status":"closed","template":"","meta":{"_exactmetrics_skip_tracking":false,"_exactmetrics_sitenote_active":false,"_exactmetrics_sitenote_note":"","_exactmetrics_sitenote_category":0,"footnotes":""},"class_list":["post-337","page","type-page","status-publish","hentry"],"yoast_head":"<!-- This site is optimized with the Yoast SEO plugin v27.5 - https:\/\/yoast.com\/product\/yoast-seo-wordpress\/ -->\n<title>Colaborar con ALMA - Alzheimer Rosario<\/title>\n<meta name=\"description\" content=\"Tu apoyo es fundamental para impulsar nuestras acciones sobre el Alzheimer. Desde difundir nuestras actividades en las redes, hasta ser voluntario o socio\" \/>\n<meta name=\"robots\" content=\"index, follow, max-snippet:-1, max-image-preview:large, max-video-preview:-1\" \/>\n<link rel=\"canonical\" href=\"https:\/\/almarosario.org.ar\/alma\/ayudar-a-alma\/\" \/>\n<meta property=\"og:locale\" content=\"es_ES\" \/>\n<meta property=\"og:type\" content=\"article\" \/>\n<meta property=\"og:title\" content=\"Colaborar con ALMA - Alzheimer Rosario\" \/>\n<meta property=\"og:description\" content=\"Tu apoyo es fundamental para impulsar nuestras acciones sobre el Alzheimer. Desde difundir nuestras actividades en las redes, hasta ser voluntario o socio\" \/>\n<meta property=\"og:url\" content=\"https:\/\/almarosario.org.ar\/alma\/ayudar-a-alma\/\" \/>\n<meta property=\"og:site_name\" content=\"ALMA - Alzheimer Rosario\" \/>\n<meta property=\"article:publisher\" content=\"http:\/\/facebook.com\/asoc.alma.rosario\" \/>\n<meta property=\"article:modified_time\" content=\"2020-01-29T19:25:23+00:00\" \/>\n<meta name=\"twitter:card\" content=\"summary_large_image\" \/>\n<meta name=\"twitter:site\" content=\"@asocalmarosario\" \/>\n<meta name=\"twitter:label1\" content=\"Tiempo de lectura\" \/>\n\t<meta name=\"twitter:data1\" content=\"1 minuto\" \/>\n<script type=\"application\/ld+json\" class=\"yoast-schema-graph\">{\"@context\":\"https:\\\/\\\/schema.org\",\"@graph\":[{\"@type\":\"WebPage\",\"@id\":\"https:\\\/\\\/almarosario.org.ar\\\/alma\\\/ayudar-a-alma\\\/\",\"url\":\"https:\\\/\\\/almarosario.org.ar\\\/alma\\\/ayudar-a-alma\\\/\",\"name\":\"Colaborar con ALMA - Alzheimer Rosario\",\"isPartOf\":{\"@id\":\"https:\\\/\\\/almarosario.org.ar\\\/alma\\\/#website\"},\"datePublished\":\"2018-09-08T14:51:54+00:00\",\"dateModified\":\"2020-01-29T19:25:23+00:00\",\"description\":\"Tu apoyo es fundamental para impulsar nuestras acciones sobre el Alzheimer. Desde difundir nuestras actividades en las redes, hasta ser voluntario o socio\",\"breadcrumb\":{\"@id\":\"https:\\\/\\\/almarosario.org.ar\\\/alma\\\/ayudar-a-alma\\\/#breadcrumb\"},\"inLanguage\":\"es-AR\",\"potentialAction\":[{\"@type\":\"ReadAction\",\"target\":[\"https:\\\/\\\/almarosario.org.ar\\\/alma\\\/ayudar-a-alma\\\/\"]}]},{\"@type\":\"BreadcrumbList\",\"@id\":\"https:\\\/\\\/almarosario.org.ar\\\/alma\\\/ayudar-a-alma\\\/#breadcrumb\",\"itemListElement\":[{\"@type\":\"ListItem\",\"position\":1,\"name\":\"Inicio\",\"item\":\"https:\\\/\\\/almarosario.org.ar\\\/alma\\\/\"},{\"@type\":\"ListItem\",\"position\":2,\"name\":\"Ayudar a ALMA\"}]},{\"@type\":\"WebSite\",\"@id\":\"https:\\\/\\\/almarosario.org.ar\\\/alma\\\/#website\",\"url\":\"https:\\\/\\\/almarosario.org.ar\\\/alma\\\/\",\"name\":\"ALMA - Alzheimer Rosario\",\"description\":\"Asociaci\u00f3n de Lucha contra el Mal de Alzheimer y alteraciones semejantes\",\"publisher\":{\"@id\":\"https:\\\/\\\/almarosario.org.ar\\\/alma\\\/#organization\"},\"potentialAction\":[{\"@type\":\"SearchAction\",\"target\":{\"@type\":\"EntryPoint\",\"urlTemplate\":\"https:\\\/\\\/almarosario.org.ar\\\/alma\\\/?s={search_term_string}\"},\"query-input\":{\"@type\":\"PropertyValueSpecification\",\"valueRequired\":true,\"valueName\":\"search_term_string\"}}],\"inLanguage\":\"es-AR\"},{\"@type\":\"Organization\",\"@id\":\"https:\\\/\\\/almarosario.org.ar\\\/alma\\\/#organization\",\"name\":\"Alma Rosario\",\"url\":\"https:\\\/\\\/almarosario.org.ar\\\/alma\\\/\",\"logo\":{\"@type\":\"ImageObject\",\"inLanguage\":\"es-AR\",\"@id\":\"https:\\\/\\\/almarosario.org.ar\\\/alma\\\/#\\\/schema\\\/logo\\\/image\\\/\",\"url\":\"https:\\\/\\\/almarosario.org.ar\\\/alma\\\/wp-content\\\/uploads\\\/2020\\\/03\\\/iso.jpg\",\"contentUrl\":\"https:\\\/\\\/almarosario.org.ar\\\/alma\\\/wp-content\\\/uploads\\\/2020\\\/03\\\/iso.jpg\",\"width\":600,\"height\":600,\"caption\":\"Alma Rosario\"},\"image\":{\"@id\":\"https:\\\/\\\/almarosario.org.ar\\\/alma\\\/#\\\/schema\\\/logo\\\/image\\\/\"},\"sameAs\":[\"http:\\\/\\\/facebook.com\\\/asoc.alma.rosario\",\"https:\\\/\\\/x.com\\\/asocalmarosario\",\"http:\\\/\\\/asoc.alma.rosario\",\"https:\\\/\\\/www.youtube.com\\\/channel\\\/UCfBxweujZtBvmNqRo6EikBw\"]}]}<\/script>\n<!-- \/ Yoast SEO plugin. -->","yoast_head_json":{"title":"Colaborar con ALMA - Alzheimer Rosario","description":"Tu apoyo es fundamental para impulsar nuestras acciones sobre el Alzheimer. Desde difundir nuestras actividades en las redes, hasta ser voluntario o socio","robots":{"index":"index","follow":"follow","max-snippet":"max-snippet:-1","max-image-preview":"max-image-preview:large","max-video-preview":"max-video-preview:-1"},"canonical":"https:\/\/almarosario.org.ar\/alma\/ayudar-a-alma\/","og_locale":"es_ES","og_type":"article","og_title":"Colaborar con ALMA - Alzheimer Rosario","og_description":"Tu apoyo es fundamental para impulsar nuestras acciones sobre el Alzheimer. Desde difundir nuestras actividades en las redes, hasta ser voluntario o socio","og_url":"https:\/\/almarosario.org.ar\/alma\/ayudar-a-alma\/","og_site_name":"ALMA - Alzheimer Rosario","article_publisher":"http:\/\/facebook.com\/asoc.alma.rosario","article_modified_time":"2020-01-29T19:25:23+00:00","twitter_card":"summary_large_image","twitter_site":"@asocalmarosario","twitter_misc":{"Tiempo de lectura":"1 minuto"},"schema":{"@context":"https:\/\/schema.org","@graph":[{"@type":"WebPage","@id":"https:\/\/almarosario.org.ar\/alma\/ayudar-a-alma\/","url":"https:\/\/almarosario.org.ar\/alma\/ayudar-a-alma\/","name":"Colaborar con ALMA - Alzheimer Rosario","isPartOf":{"@id":"https:\/\/almarosario.org.ar\/alma\/#website"},"datePublished":"2018-09-08T14:51:54+00:00","dateModified":"2020-01-29T19:25:23+00:00","description":"Tu apoyo es fundamental para impulsar nuestras acciones sobre el Alzheimer. Desde difundir nuestras actividades en las redes, hasta ser voluntario o socio","breadcrumb":{"@id":"https:\/\/almarosario.org.ar\/alma\/ayudar-a-alma\/#breadcrumb"},"inLanguage":"es-AR","potentialAction":[{"@type":"ReadAction","target":["https:\/\/almarosario.org.ar\/alma\/ayudar-a-alma\/"]}]},{"@type":"BreadcrumbList","@id":"https:\/\/almarosario.org.ar\/alma\/ayudar-a-alma\/#breadcrumb","itemListElement":[{"@type":"ListItem","position":1,"name":"Inicio","item":"https:\/\/almarosario.org.ar\/alma\/"},{"@type":"ListItem","position":2,"name":"Ayudar a ALMA"}]},{"@type":"WebSite","@id":"https:\/\/almarosario.org.ar\/alma\/#website","url":"https:\/\/almarosario.org.ar\/alma\/","name":"ALMA - Alzheimer Rosario","description":"Asociaci\u00f3n de Lucha contra el Mal de Alzheimer y alteraciones semejantes","publisher":{"@id":"https:\/\/almarosario.org.ar\/alma\/#organization"},"potentialAction":[{"@type":"SearchAction","target":{"@type":"EntryPoint","urlTemplate":"https:\/\/almarosario.org.ar\/alma\/?s={search_term_string}"},"query-input":{"@type":"PropertyValueSpecification","valueRequired":true,"valueName":"search_term_string"}}],"inLanguage":"es-AR"},{"@type":"Organization","@id":"https:\/\/almarosario.org.ar\/alma\/#organization","name":"Alma Rosario","url":"https:\/\/almarosario.org.ar\/alma\/","logo":{"@type":"ImageObject","inLanguage":"es-AR","@id":"https:\/\/almarosario.org.ar\/alma\/#\/schema\/logo\/image\/","url":"https:\/\/almarosario.org.ar\/alma\/wp-content\/uploads\/2020\/03\/iso.jpg","contentUrl":"https:\/\/almarosario.org.ar\/alma\/wp-content\/uploads\/2020\/03\/iso.jpg","width":600,"height":600,"caption":"Alma Rosario"},"image":{"@id":"https:\/\/almarosario.org.ar\/alma\/#\/schema\/logo\/image\/"},"sameAs":["http:\/\/facebook.com\/asoc.alma.rosario","https:\/\/x.com\/asocalmarosario","http:\/\/asoc.alma.rosario","https:\/\/www.youtube.com\/channel\/UCfBxweujZtBvmNqRo6EikBw"]}]}},"_links":{"self":[{"href":"https:\/\/almarosario.org.ar\/alma\/wp-json\/wp\/v2\/pages\/337","targetHints":{"allow":["GET"]}}],"collection":[{"href":"https:\/\/almarosario.org.ar\/alma\/wp-json\/wp\/v2\/pages"}],"about":[{"href":"https:\/\/almarosario.org.ar\/alma\/wp-json\/wp\/v2\/types\/page"}],"author":[{"embeddable":true,"href":"https:\/\/almarosario.org.ar\/alma\/wp-json\/wp\/v2\/users\/4"}],"replies":[{"embeddable":true,"href":"https:\/\/almarosario.org.ar\/alma\/wp-json\/wp\/v2\/comments?post=337"}],"version-history":[{"count":5,"href":"https:\/\/almarosario.org.ar\/alma\/wp-json\/wp\/v2\/pages\/337\/revisions"}],"predecessor-version":[{"id":899,"href":"https:\/\/almarosario.org.ar\/alma\/wp-json\/wp\/v2\/pages\/337\/revisions\/899"}],"wp:attachment":[{"href":"https:\/\/almarosario.org.ar\/alma\/wp-json\/wp\/v2\/media?parent=337"}],"curies":[{"name":"wp","href":"https:\/\/api.w.org\/{rel}","templated":true}]}}

<h3><b>¿Cómo puedo ayudar a ALMA?</b></h3>
<p>De muchas maneras. Tu apoyo es fundamental para impulsar nuestras acciones sobre el <strong>Alzheimer</strong>. Desde apoyar o difundir nuestras actividades en las redes, hasta hacerte voluntario o socio de ALMA Rosario.</p>
<p>Te ofrecemos diferentes formas de participación y todas son importantes:</p>
<p><strong>Convertite en socio/a</strong>: Nos financiamos gracias a las aportaciones de nuestros socios y socias, que son por tanto imprescindibles para poder seguir generando actividades y seguir ayudando a más gente. Hacete socio haciendo click <a href="http://almarosario.org.ar/alma/donar/">acá.</a></p>
<p><strong>Sumate al voluntariado</strong>: Son las ALMAS que nos permiten seguir adelante. El único requisito es voluntad, decisión y amor. Si querés formar parte de nuestro equipo no dudes en <a href="http://wa.link/hERx">contactarnos</a>.</p>


<p></p>

<p>¿Cómo puedo ayudar a ALMA? De muchas maneras. Tu apoyo es fundamental para impulsar nuestras acciones sobre el Alzheimer. Desde apoyar o difundir nuestras actividades en las redes, hasta hacerte voluntario &#8230;</p>

<!-- This site is optimized with the Yoast SEO plugin v27.5 - https://yoast.com/product/yoast-seo-wordpress/ -->
<title>Colaborar con ALMA - Alzheimer Rosario</title>
<meta name="description" content="Tu apoyo es fundamental para impulsar nuestras acciones sobre el Alzheimer. Desde difundir nuestras actividades en las redes, hasta ser voluntario o socio" />
<meta name="robots" content="index, follow, max-snippet:-1, max-image-preview:large, max-video-preview:-1" />
<link rel="canonical" href="https://almarosario.org.ar/alma/ayudar-a-alma/" />
<meta property="og:locale" content="es_ES" />
<meta property="og:type" content="article" />
<meta property="og:title" content="Colaborar con ALMA - Alzheimer Rosario" />
<meta property="og:description" content="Tu apoyo es fundamental para impulsar nuestras acciones sobre el Alzheimer. Desde difundir nuestras actividades en las redes, hasta ser voluntario o socio" />
<meta property="og:url" content="https://almarosario.org.ar/alma/ayudar-a-alma/" />
<meta property="og:site_name" content="ALMA - Alzheimer Rosario" />
<meta property="article:publisher" content="http://facebook.com/asoc.alma.rosario" />
<meta property="article:modified_time" content="2020-01-29T19:25:23+00:00" />
<meta name="twitter:card" content="summary_large_image" />
<meta name="twitter:site" content="@asocalmarosario" />
<meta name="twitter:label1" content="Tiempo de lectura" />
	<meta name="twitter:data1" content="1 minuto" />
<script type="application/ld+json" class="yoast-schema-graph">{"@context":"https:\/\/schema.org","@graph":[{"@type":"WebPage","@id":"https:\/\/almarosario.org.ar\/alma\/ayudar-a-alma\/","url":"https:\/\/almarosario.org.ar\/alma\/ayudar-a-alma\/","name":"Colaborar con ALMA - Alzheimer Rosario","isPartOf":{"@id":"https:\/\/almarosario.org.ar\/alma\/#website"},"datePublished":"2018-09-08T14:51:54+00:00","dateModified":"2020-01-29T19:25:23+00:00","description":"Tu apoyo es fundamental para impulsar nuestras acciones sobre el Alzheimer. Desde difundir nuestras actividades en las redes, hasta ser voluntario o socio","breadcrumb":{"@id":"https:\/\/almarosario.org.ar\/alma\/ayudar-a-alma\/#breadcrumb"},"inLanguage":"es-AR","potentialAction":[{"@type":"ReadAction","target":["https:\/\/almarosario.org.ar\/alma\/ayudar-a-alma\/"]}]},{"@type":"BreadcrumbList","@id":"https:\/\/almarosario.org.ar\/alma\/ayudar-a-alma\/#breadcrumb","itemListElement":[{"@type":"ListItem","position":1,"name":"Inicio","item":"https:\/\/almarosario.org.ar\/alma\/"},{"@type":"ListItem","position":2,"name":"Ayudar a ALMA"}]},{"@type":"WebSite","@id":"https:\/\/almarosario.org.ar\/alma\/#website","url":"https:\/\/almarosario.org.ar\/alma\/","name":"ALMA - Alzheimer Rosario","description":"Asociación de Lucha contra el Mal de Alzheimer y alteraciones semejantes","publisher":{"@id":"https:\/\/almarosario.org.ar\/alma\/#organization"},"potentialAction":[{"@type":"SearchAction","target":{"@type":"EntryPoint","urlTemplate":"https:\/\/almarosario.org.ar\/alma\/?s={search_term_string}"},"query-input":{"@type":"PropertyValueSpecification","valueRequired":true,"valueName":"search_term_string"}}],"inLanguage":"es-AR"},{"@type":"Organization","@id":"https:\/\/almarosario.org.ar\/alma\/#organization","name":"Alma Rosario","url":"https:\/\/almarosario.org.ar\/alma\/","logo":{"@type":"ImageObject","inLanguage":"es-AR","@id":"https:\/\/almarosario.org.ar\/alma\/#\/schema\/logo\/image\/","url":"https:\/\/almarosario.org.ar\/alma\/wp-content\/uploads\/2020\/03\/iso.jpg","contentUrl":"https:\/\/almarosario.org.ar\/alma\/wp-content\/uploads\/2020\/03\/iso.jpg","width":600,"height":600,"caption":"Alma Rosario"},"image":{"@id":"https:\/\/almarosario.org.ar\/alma\/#\/schema\/logo\/image\/"},"sameAs":["http:\/\/facebook.com\/asoc.alma.rosario","https:\/\/x.com\/asocalmarosario","http:\/\/asoc.alma.rosario","https:\/\/www.youtube.com\/channel\/UCfBxweujZtBvmNqRo6EikBw"]}]}</script>
<!-- / Yoast SEO plugin. -->

Asociación de Lucha contra el Mal de Alzheimer y alteraciones semejantes
